{"id":323,"date":"2023-10-11T09:49:48","date_gmt":"2023-10-11T07:49:48","guid":{"rendered":"https:\/\/camy.pl\/?page_id=323"},"modified":"2023-10-11T09:52:07","modified_gmt":"2023-10-11T07:52:07","slug":"projekty-eu","status":"publish","type":"page","link":"https:\/\/camy.pl\/index.php\/projekty-eu\/","title":{"rendered":"Projekty EU"},"content":{"rendered":"\n<p><strong>\u201eBON NA INNOWACJE \u2013 WSPARCIE LUBUSKICH PRZEDSI\u0118BIORSTW M\u015aP W ZAKRESIE BADA\u0143, ROZWOJU I WDRO\u017bE\u0143\u201d<\/strong><\/p>\n\n\n\n<p>CAMY Bogdan Kasperski realizuje bon na innowacje w ramach projektu \u201eBON NA INNOWACJE \u2013 WSPARCIE LUBUSKICH PRZEDSI\u0118BIORSTW M\u015aP W ZAKRESIE BADA\u0143, ROZWOJU I WDRO\u017bE\u0143\u201d, wsp\u00f3\u0142finansowanego ze \u015brodk\u00f3w Unii Europejskiej w ramach Regionalnego Programu Operacyjnego \u2013 Lubuskie 2020. G\u0142\u00f3wnym celem realizacji bonu jest opracowanie prototypu nowego produktu: geokopu\u0142y z regulowanym \u015brodowiskiem termiczno-akustyczno-\u015bwietlno-wilgotno\u015bciowym. Cele szczeg\u00f3\u0142owe to opracowanie dokumentacji technicznej produktu, wykonanie prototypu i przeprowadzenie bada\u0144 prototypu w zakresie temperatury, akustyki, parametr\u00f3w \u015bwietlnych i wilgotno\u015bciowych. G\u0142\u00f3wny efekt realizacji stanowi opracowanie <strong>Prototypu geokopu\u0142y z regulowanym \u015brodowiskiem termiczno-akustyczno-\u015bwietlno-wilgotno\u015bciowym wraz z dokumentacj\u0105 pozwalaj\u0105c\u0105 na powtarzalne wytwarzanie rozwi\u0105zania<\/strong>. Warto\u015b\u0107 przedsi\u0119wzi\u0119cia wynosi 117 000 z\u0142, z czego 99 450 z\u0142 stanowi wk\u0142ad Funduszy Europejskich.<\/p>\n\n\n\n<figure class=\"wp-block-image size-full\"><img loading=\"lazy\" decoding=\"async\" width=\"1056\" height=\"119\" src=\"https:\/\/camy.pl\/wp-content\/uploads\/2023\/10\/logo-projektu.jpg\" alt=\"\" class=\"wp-image-325\" srcset=\"https:\/\/camy.pl\/wp-content\/uploads\/2023\/10\/logo-projektu.jpg 1056w, https:\/\/camy.pl\/wp-content\/uploads\/2023\/10\/logo-projektu-320x36.jpg 320w, https:\/\/camy.pl\/wp-content\/uploads\/2023\/10\/logo-projektu-768x87.jpg 768w\" sizes=\"auto, (max-width: 1056px) 100vw, 1056px\" \/><\/figure>\n","protected":false},"excerpt":{"rendered":"<p>\u201eBON NA INNOWACJE \u2013 WSPARCIE LUBUSKICH PRZEDSI\u0118BIORSTW M\u015aP W ZAKRESIE BADA\u0143, ROZWOJU I WDRO\u017bE\u0143\u201d CAMY Bogdan Kasperski realizuje bon na innowacje w ramach projektu \u201eBON NA INNOWACJE \u2013 WSPARCIE LUBUSKICH PRZEDSI\u0118BIORSTW M\u015aP W ZAKRESIE BADA\u0143, ROZWOJU I WDRO\u017bE\u0143\u201d, wsp\u00f3\u0142finansowanego ze \u015brodk\u00f3w Unii Europejskiej w ramach Regionalnego Programu Operacyjnego \u2013 Lubuskie 2020. G\u0142\u00f3wnym celem realizacji bonu&#8230;<\/p>\n","protected":false},"author":1,"featured_media":0,"parent":0,"menu_order":0,"comment_status":"closed","ping_status":"closed","template":"","meta":{"_kad_post_transparent":"","_kad_post_title":"","_kad_post_layout":"","_kad_post_sidebar_id":"","_kad_post_content_style":"","_kad_post_vertical_padding":"","_kad_post_feature":"","_kad_post_feature_position":"","_kad_post_header":false,"_kad_post_footer":false,"footnotes":""},"folder":[],"class_list":["post-323","page","type-page","status-publish","hentry"],"_links":{"self":[{"href":"https:\/\/camy.pl\/index.php\/wp-json\/wp\/v2\/pages\/323","targetHints":{"allow":["GET"]}}],"collection":[{"href":"https:\/\/camy.pl\/index.php\/wp-json\/wp\/v2\/pages"}],"about":[{"href":"https:\/\/camy.pl\/index.php\/wp-json\/wp\/v2\/types\/page"}],"author":[{"embeddable":true,"href":"https:\/\/camy.pl\/index.php\/wp-json\/wp\/v2\/users\/1"}],"replies":[{"embeddable":true,"href":"https:\/\/camy.pl\/index.php\/wp-json\/wp\/v2\/comments?post=323"}],"version-history":[{"count":3,"href":"https:\/\/camy.pl\/index.php\/wp-json\/wp\/v2\/pages\/323\/revisions"}],"predecessor-version":[{"id":327,"href":"https:\/\/camy.pl\/index.php\/wp-json\/wp\/v2\/pages\/323\/revisions\/327"}],"wp:attachment":[{"href":"https:\/\/camy.pl\/index.php\/wp-json\/wp\/v2\/media?parent=323"}],"wp:term":[{"taxonomy":"folder","embeddable":true,"href":"https:\/\/camy.pl\/index.php\/wp-json\/wp\/v2\/folder?post=323"}],"curies":[{"name":"wp","href":"https:\/\/api.w.org\/{rel}","templated":true}]}}